{"id":4920,"date":"2024-11-05T13:55:27","date_gmt":"2024-11-05T12:55:27","guid":{"rendered":"https:\/\/gestespoctefa.eu\/?post_type=dt_portfolio&#038;p=4920"},"modified":"2025-10-21T13:26:12","modified_gmt":"2025-10-21T11:26:12","slug":"aromes-de-professionnalisme-reportage-sur-gestes-a-heraut-daragon","status":"publish","type":"dt_portfolio","link":"https:\/\/gestespoctefa.eu\/fr\/documento\/aromes-de-professionnalisme-reportage-sur-gestes-a-heraut-daragon\/","title":{"rendered":"&lsquo;Ar\u00f4mes de professionnalisme&rsquo;, reportage sur GESTES \u00e0 Heraldo de Arag\u00f3n"},"content":{"rendered":"<p>Reportage &lsquo;Aromas de profesionalidad&rsquo; dans le journal Heraldo de Arag\u00f3n du 07\/04\/2024 sur le d\u00e9but du projet GESTES.<\/p>\n\n\t\t\t<style type='text\/css'>\n\t\t\t\t#gallery-1 {\n\t\t\t\t\tmargin: auto;\n\t\t\t\t}\n\t\t\t\t#gallery-1 .gallery-item {\n\t\t\t\t\tfloat: left;\n\t\t\t\t\tmargin-top: 10px;\n\t\t\t\t\ttext-align: center;\n\t\t\t\t\twidth: 100%;\n\t\t\t\t}\n\t\t\t\t#gallery-1 img {\n\t\t\t\t\tborder: 2px solid #cfcfcf;\n\t\t\t\t}\n\t\t\t\t#gallery-1 .gallery-caption {\n\t\t\t\t\tmargin-left: 0;\n\t\t\t\t}\n\t\t\t\t\/* see gallery_shortcode() in wp-includes\/media.php *\/\n\t\t\t<\/style>\n\t\t<div id='gallery-1' class='dt-gallery-container gallery galleryid-4920 gallery-columns-1 gallery-size-full'><dl class='gallery-item'>\n\t\t\t\t<dt class='gallery-icon portrait'>\n\t\t\t\t\t<a class=\"rollover rollover-zoom dt-pswp-item\" title=\"Reportaje Aromas de profesionalidad\" data-dt-img-description=\"\" data-large_image_width=\"1180\" data-large_image_height=\"1241\"href='https:\/\/gestespoctefa.eu\/wp-content\/uploads\/2024\/11\/Reportaje-Aromas-de-profesionalidad.jpg'><img loading=\"lazy\" decoding=\"async\" width=\"1180\" height=\"1241\" src=\"https:\/\/gestespoctefa.eu\/wp-content\/uploads\/2024\/11\/Reportaje-Aromas-de-profesionalidad.jpg\" class=\"attachment-full size-full\" alt=\"\" srcset=\"https:\/\/gestespoctefa.eu\/wp-content\/uploads\/2024\/11\/Reportaje-Aromas-de-profesionalidad.jpg 1180w, https:\/\/gestespoctefa.eu\/wp-content\/uploads\/2024\/11\/Reportaje-Aromas-de-profesionalidad-285x300.jpg 285w, https:\/\/gestespoctefa.eu\/wp-content\/uploads\/2024\/11\/Reportaje-Aromas-de-profesionalidad-974x1024.jpg 974w, https:\/\/gestespoctefa.eu\/wp-content\/uploads\/2024\/11\/Reportaje-Aromas-de-profesionalidad-768x808.jpg 768w\" sizes=\"auto, (max-width: 1180px) 100vw, 1180px\" \/><\/a>\n\t\t\t\t<\/dt><\/dl><br style=\"clear: both\" \/>\n\t\t\t<\/div>\n\n","protected":false},"excerpt":{"rendered":"<p>Reportage &lsquo;Aromas de profesionalidad&rsquo; dans le journal Heraldo de Arag\u00f3n du 07\/04\/2024 sur le d\u00e9but du projet GESTES.<\/p>\n","protected":false},"author":10,"featured_media":4886,"comment_status":"closed","ping_status":"closed","template":"","dt_portfolio_category":[83],"dt_portfolio_tags":[],"class_list":["post-4920","dt_portfolio","type-dt_portfolio","status-publish","has-post-thumbnail","hentry","dt_portfolio_category-presse","dt_portfolio_category-83","description-off"],"_links":{"self":[{"href":"https:\/\/gestespoctefa.eu\/fr\/wp-json\/wp\/v2\/dt_portfolio\/4920","targetHints":{"allow":["GET"]}}],"collection":[{"href":"https:\/\/gestespoctefa.eu\/fr\/wp-json\/wp\/v2\/dt_portfolio"}],"about":[{"href":"https:\/\/gestespoctefa.eu\/fr\/wp-json\/wp\/v2\/types\/dt_portfolio"}],"author":[{"embeddable":true,"href":"https:\/\/gestespoctefa.eu\/fr\/wp-json\/wp\/v2\/users\/10"}],"replies":[{"embeddable":true,"href":"https:\/\/gestespoctefa.eu\/fr\/wp-json\/wp\/v2\/comments?post=4920"}],"version-history":[{"count":4,"href":"https:\/\/gestespoctefa.eu\/fr\/wp-json\/wp\/v2\/dt_portfolio\/4920\/revisions"}],"predecessor-version":[{"id":5611,"href":"https:\/\/gestespoctefa.eu\/fr\/wp-json\/wp\/v2\/dt_portfolio\/4920\/revisions\/5611"}],"wp:featuredmedia":[{"embeddable":true,"href":"https:\/\/gestespoctefa.eu\/fr\/wp-json\/wp\/v2\/media\/4886"}],"wp:attachment":[{"href":"https:\/\/gestespoctefa.eu\/fr\/wp-json\/wp\/v2\/media?parent=4920"}],"wp:term":[{"taxonomy":"dt_portfolio_category","embeddable":true,"href":"https:\/\/gestespoctefa.eu\/fr\/wp-json\/wp\/v2\/dt_portfolio_category?post=4920"},{"taxonomy":"dt_portfolio_tags","embeddable":true,"href":"https:\/\/gestespoctefa.eu\/fr\/wp-json\/wp\/v2\/dt_portfolio_tags?post=4920"}],"curies":[{"name":"wp","href":"https:\/\/api.w.org\/{rel}","templated":true}]}}

&lsquo;Arômes de professionnalisme&rsquo;, reportage sur GESTES à Heraldo de Aragón

<p>Reportage &lsquo;Aromas de profesionalidad&rsquo; dans le journal Heraldo de Aragón du 07/04/2024 sur le début du projet GESTES.</p>

			<style type='text/css'>
				#gallery-1 {
					margin: auto;
				}
				#gallery-1 .gallery-item {
					float: left;
					margin-top: 10px;
					text-align: center;
					width: 100%;
				}
				#gallery-1 img {
					border: 2px solid #cfcfcf;
				}
				#gallery-1 .gallery-caption {
					margin-left: 0;
				}
				/* see gallery_shortcode() in wp-includes/media.php */
			</style>
		<div id='gallery-1' class='dt-gallery-container gallery galleryid-4920 gallery-columns-1 gallery-size-full'><dl class='gallery-item'>
				<dt class='gallery-icon portrait'>
					<a class="rollover rollover-zoom dt-pswp-item" title="Reportaje Aromas de profesionalidad" data-dt-img-description="" data-large_image_width="1180" data-large_image_height="1241"href='https://gestespoctefa.eu/wp-content/uploads/2024/11/Reportaje-Aromas-de-profesionalidad.jpg'><img loading="lazy" decoding="async" width="1180" height="1241" src="https://gestespoctefa.eu/wp-content/uploads/2024/11/Reportaje-Aromas-de-profesionalidad.jpg" class="attachment-full size-full" alt="" srcset="https://gestespoctefa.eu/wp-content/uploads/2024/11/Reportaje-Aromas-de-profesionalidad.jpg 1180w, https://gestespoctefa.eu/wp-content/uploads/2024/11/Reportaje-Aromas-de-profesionalidad-285x300.jpg 285w, https://gestespoctefa.eu/wp-content/uploads/2024/11/Reportaje-Aromas-de-profesionalidad-974x1024.jpg 974w, https://gestespoctefa.eu/wp-content/uploads/2024/11/Reportaje-Aromas-de-profesionalidad-768x808.jpg 768w" sizes="auto, (max-width: 1180px) 100vw, 1180px" /></a>
				</dt></dl><br style="clear: both" />
			</div>

<p>Reportage &lsquo;Aromas de profesionalidad&rsquo; dans le journal Heraldo de Aragón du 07/04/2024 sur le début du projet GESTES.</p>
