{"id":5595,"date":"2025-10-21T13:12:37","date_gmt":"2025-10-21T11:12:37","guid":{"rendered":"https:\/\/gestespoctefa.eu\/?post_type=dt_portfolio&#038;p=5595"},"modified":"2025-10-21T13:12:37","modified_gmt":"2025-10-21T11:12:37","slug":"gestes-progresse-dans-la-gestion-durable-des-especes-sauvages-reportage-dans-diario-del-alto-aragon","status":"publish","type":"dt_portfolio","link":"https:\/\/gestespoctefa.eu\/fr\/documento\/gestes-progresse-dans-la-gestion-durable-des-especes-sauvages-reportage-dans-diario-del-alto-aragon\/","title":{"rendered":"&lsquo;Gestes progresse dans la gestion durable des esp\u00e8ces sauvages&rsquo;, reportage dans Diario del Alto Arag\u00f3n"},"content":{"rendered":"<p>Reportage sur la 4\u1d49 r\u00e9union du projet GESTES \u00e0 la Ferme Exp\u00e9rimentale de La Garcipollera (Huesca) le 13\/10\/2025 dans Diario del Alto Arag\u00f3n.<\/p>\n\n\t\t\t<style type='text\/css'>\n\t\t\t\t#gallery-1 {\n\t\t\t\t\tmargin: auto;\n\t\t\t\t}\n\t\t\t\t#gallery-1 .gallery-item {\n\t\t\t\t\tfloat: left;\n\t\t\t\t\tmargin-top: 10px;\n\t\t\t\t\ttext-align: center;\n\t\t\t\t\twidth: 100%;\n\t\t\t\t}\n\t\t\t\t#gallery-1 img {\n\t\t\t\t\tborder: 2px solid #cfcfcf;\n\t\t\t\t}\n\t\t\t\t#gallery-1 .gallery-caption {\n\t\t\t\t\tmargin-left: 0;\n\t\t\t\t}\n\t\t\t\t\/* see gallery_shortcode() in wp-includes\/media.php *\/\n\t\t\t<\/style>\n\t\t<div id='gallery-1' class='dt-gallery-container gallery galleryid-5595 gallery-columns-1 gallery-size-full'><dl class='gallery-item'>\n\t\t\t\t<dt class='gallery-icon portrait'>\n\t\t\t\t\t<a class=\"rollover rollover-zoom dt-pswp-item\" title=\"Reportaje GESTES\" data-dt-img-description=\"\" data-large_image_width=\"529\" data-large_image_height=\"834\"href='https:\/\/gestespoctefa.eu\/wp-content\/uploads\/2025\/10\/Reportaje-diario-alto-aragon.jpg'><img loading=\"lazy\" decoding=\"async\" width=\"529\" height=\"834\" src=\"https:\/\/gestespoctefa.eu\/wp-content\/uploads\/2025\/10\/Reportaje-diario-alto-aragon.jpg\" class=\"attachment-full size-full\" alt=\"\" srcset=\"https:\/\/gestespoctefa.eu\/wp-content\/uploads\/2025\/10\/Reportaje-diario-alto-aragon.jpg 529w, https:\/\/gestespoctefa.eu\/wp-content\/uploads\/2025\/10\/Reportaje-diario-alto-aragon-190x300.jpg 190w\" sizes=\"auto, (max-width: 529px) 100vw, 529px\" \/><\/a>\n\t\t\t\t<\/dt><\/dl><br style=\"clear: both\" \/>\n\t\t\t<\/div>\n\n","protected":false},"excerpt":{"rendered":"<p>Reportage sur la 4\u1d49 r\u00e9union du projet GESTES \u00e0 la Ferme Exp\u00e9rimentale de La Garcipollera (Huesca) le 13\/10\/2025 dans Diario del Alto Arag\u00f3n.<\/p>\n","protected":false},"author":10,"featured_media":5592,"comment_status":"closed","ping_status":"closed","template":"","dt_portfolio_category":[83],"dt_portfolio_tags":[],"class_list":["post-5595","dt_portfolio","type-dt_portfolio","status-publish","has-post-thumbnail","hentry","dt_portfolio_category-presse","dt_portfolio_category-83","description-off"],"_links":{"self":[{"href":"https:\/\/gestespoctefa.eu\/fr\/wp-json\/wp\/v2\/dt_portfolio\/5595","targetHints":{"allow":["GET"]}}],"collection":[{"href":"https:\/\/gestespoctefa.eu\/fr\/wp-json\/wp\/v2\/dt_portfolio"}],"about":[{"href":"https:\/\/gestespoctefa.eu\/fr\/wp-json\/wp\/v2\/types\/dt_portfolio"}],"author":[{"embeddable":true,"href":"https:\/\/gestespoctefa.eu\/fr\/wp-json\/wp\/v2\/users\/10"}],"replies":[{"embeddable":true,"href":"https:\/\/gestespoctefa.eu\/fr\/wp-json\/wp\/v2\/comments?post=5595"}],"version-history":[{"count":1,"href":"https:\/\/gestespoctefa.eu\/fr\/wp-json\/wp\/v2\/dt_portfolio\/5595\/revisions"}],"predecessor-version":[{"id":5596,"href":"https:\/\/gestespoctefa.eu\/fr\/wp-json\/wp\/v2\/dt_portfolio\/5595\/revisions\/5596"}],"wp:featuredmedia":[{"embeddable":true,"href":"https:\/\/gestespoctefa.eu\/fr\/wp-json\/wp\/v2\/media\/5592"}],"wp:attachment":[{"href":"https:\/\/gestespoctefa.eu\/fr\/wp-json\/wp\/v2\/media?parent=5595"}],"wp:term":[{"taxonomy":"dt_portfolio_category","embeddable":true,"href":"https:\/\/gestespoctefa.eu\/fr\/wp-json\/wp\/v2\/dt_portfolio_category?post=5595"},{"taxonomy":"dt_portfolio_tags","embeddable":true,"href":"https:\/\/gestespoctefa.eu\/fr\/wp-json\/wp\/v2\/dt_portfolio_tags?post=5595"}],"curies":[{"name":"wp","href":"https:\/\/api.w.org\/{rel}","templated":true}]}}

&lsquo;Gestes progresse dans la gestion durable des espèces sauvages&rsquo;, reportage dans Diario del Alto Aragón

<p>Reportage sur la 4ᵉ réunion du projet GESTES à la Ferme Expérimentale de La Garcipollera (Huesca) le 13/10/2025 dans Diario del Alto Aragón.</p>

			<style type='text/css'>
				#gallery-1 {
					margin: auto;
				}
				#gallery-1 .gallery-item {
					float: left;
					margin-top: 10px;
					text-align: center;
					width: 100%;
				}
				#gallery-1 img {
					border: 2px solid #cfcfcf;
				}
				#gallery-1 .gallery-caption {
					margin-left: 0;
				}
				/* see gallery_shortcode() in wp-includes/media.php */
			</style>
		<div id='gallery-1' class='dt-gallery-container gallery galleryid-5595 gallery-columns-1 gallery-size-full'><dl class='gallery-item'>
				<dt class='gallery-icon portrait'>
					<a class="rollover rollover-zoom dt-pswp-item" title="Reportaje GESTES" data-dt-img-description="" data-large_image_width="529" data-large_image_height="834"href='https://gestespoctefa.eu/wp-content/uploads/2025/10/Reportaje-diario-alto-aragon.jpg'><img loading="lazy" decoding="async" width="529" height="834" src="https://gestespoctefa.eu/wp-content/uploads/2025/10/Reportaje-diario-alto-aragon.jpg" class="attachment-full size-full" alt="" srcset="https://gestespoctefa.eu/wp-content/uploads/2025/10/Reportaje-diario-alto-aragon.jpg 529w, https://gestespoctefa.eu/wp-content/uploads/2025/10/Reportaje-diario-alto-aragon-190x300.jpg 190w" sizes="auto, (max-width: 529px) 100vw, 529px" /></a>
				</dt></dl><br style="clear: both" />
			</div>

<p>Reportage sur la 4ᵉ réunion du projet GESTES à la Ferme Expérimentale de La Garcipollera (Huesca) le 13/10/2025 dans Diario del Alto Aragón.</p>
